f 3?
False
Let b = -803 + 972. Is b a multiple of 3?
False
Let j(f) = 60*f**2 + 23*f + 1. Is 99 a factor of j(-5)?
True
Suppose -2*q - 2*m + 1570 = -6*m, 0 = 4*q + 4*m - 3080. Is 25 a factor of q?
True
Let r(d) = 148*d + 171. Is 11 a factor of r(12)?
True
Let v(b) = b**2 + b - 91. Let k be v(0). Let o = -21 - k. Is 7 a factor of o?
True
Suppose 2*r - 6 = -0, 3*r - 9 = 2*w. Suppose -4*x + 58 = x + 3*m, m + 4 = w. Is x a multiple of 4?
False
Let q(x) = -2*x**3 + 25*x**2 + 19*x - 22. Does 50 divide q(11)?
True
Let i(c) = 14*c + 7. Let t(h) = -13*h - 6. Let p(r) = 5*i(r) + 6*t(r). Let a be p(5). Does 6 divide (a + 12)/(-1 + 0)?
False
Suppose 871 = 2*t + 4*j - 2743, t - 3*j - 1782 = 0. Does 113 divide t?
False
Let n(m) be the second derivative of 1/20*m**5 + 11/12*m**4 + 5/6*m**3 - 7*m + 0 - 6*m**2. Is 13 a factor of n(-10)?
False
Let g(z) = -64*z**3 + 12*z**2 + 2*z + 4. Is 5 a factor of g(-2)?
True
Suppose -12*u + 50 = -17*u. Let h be (6/(-4))/(3/(-160)). Let c = u + h. Is 18 a factor of c?
False
Suppose 5*q + 125 + 55 = 0. Is 4 a factor of ((-68)/132 + 2/11)*q?
True
Suppose 12*l = 17*l + 470. Let z = -76 - l. Is 3 a factor of z?
True
Suppose 7*n = -304 + 682. Is n even?
True
Let x = 10 + -7. Suppose -x*m - 2*m = -10. Suppose -m*a - 215 = -6*a - b, -4*b = a - 65. Is 19 a factor of a?
False
Let c = -3342 - -3769. Is c a multiple of 20?
False
Suppose 5*z - 23 = 12. Suppose 3*n - 99 = q, -3*n - 122 = -z*n - 2*q. Does 16 divide n?
True
Let l(m) = 714*m**3 + 5*m - 5. Does 3 divide l(1)?
True
Suppose -19*j = -779 - 13699. Does 47 divide j?
False
Let p(d) = d**3 + 4*d**2 - 7*d - 6. Let w be p(-5). Suppose 8 = -w*k - 32. Let z(y) = -5*y + 2. Is z(k) a multiple of 26?
True
Suppose -4*c + 15 = -5*n, 0 = -4*c - c - 5*n + 30. Let h = c + -1. Suppose -5*i + 3*v + 152 + 118 = 0, 4*i - h*v - 224 = 0. Does 19 divide i?
False
Suppose -3*y = 3*b + 3, 2*b = y + 4*b + 1. Let j be (y - -3)*(9 - -2). Does 7 divide 33/j + 106/4?
True
Suppose -7*y + 683 = -1424. Suppose 4*m - y = -5. Is m a multiple of 13?
False
Let v(k) = 27*k - 75. Suppose -3*w = -s, w = -4*s - 3*w + 32. Is 13 a factor of v(s)?
False
Does 91 divide (-20)/15 + (-820)/(-3)*4?
True
Let c = 3183 + -1637. Is 47 a factor of c?
False
Suppose -u + 0*d = -5*d - 168, -u - 3*d + 200 = 0. Suppose 4*q + 76 + u = 0. Let r = q + 98. Is r a multiple of 14?
False
Let u(l) = 3*l - 47. Is u(25) a multiple of 4?
True
Suppose 15 = 4*h - 3*i, -i = 5*h - 0*i + 5. Is -2 - h - (-49 + 16) a multiple of 31?
True
Suppose 668 = 3*s + 2*b + 246, -4*b = -3*s + 416. Suppose 0 = -4*m - 8 + s. Is 14 a factor of m?
False
Suppose 5*u = -5 - 15. Let i be 1*(2 - (93 + u)). Let w = -45 - i. Does 17 divide w?
False
Does 71 divide 262 - (0 - (3 + 1 - 1))?
False
Let n(y) = 2*y**3 - 7*y - 1. Let b be n(3). Suppose 2*f = -3*s + 91, -2*f = -4*s - b - 52. Is 10 a factor of f?
False
Let x(h) = -h**3 + 3*h**2. Let b be x(5). Let k be 540/b*(-10)/(-2). Does 14 divide (k + -2)*(-2)/4?
True
Let y be ((-119)/21)/(((-2)/9)/2). Suppose -z + o = -2*o - y, 5*o - 295 = -5*z. Is 18 a factor of z?
False
Suppose -103*y = -87*y - 29664. Does 6 divide y?
True
Let h = -687 + 1264. Is 11 a factor of h?
False
Suppose 2*k - 818 = -16*r + 12*r, 5*k = -4*r + 821. Is 17 a factor of r?
True
Let k be 1 + -6 - (4 + -1). Let h(q) = -q**3 + 12 - 9*q**2 + 5*q + 2*q**2 + 3*q. Is 3 a factor of h(k)?
True
Let d(i) = 2*i - 6. Let v be d(4). Suppose 0 = v*r - 3*r, 3*r + 24 = -4*c. Does 26 divide ((-52)/c)/((-2)/(-6))?
True
Let u = -1322 - -2237. Is 32 a factor of u?
False
Let f(s) = 12*s - 399. Is f(44) a multiple of 14?
False
Suppose 2*d = 0, 4*k - 2*d = -6 + 114. Let r be k*3*3/9. Suppose -3*b + i + 27 = 0, 3*b = 3*i - 5*i + r. Does 2 divide b?
False
Let u = -10 - 16. Let j = u + 32. Does 2 divide j?
True
Suppose -m + y + 14 = 0, 5*m - y = y + 55. Suppose -1 = 4*t - m. Suppose -t*v + 222 = 3*v - 2*h, 2*h = -5*v + 238. Is 13 a factor of v?
False
Suppose 3*j = 4*w + 5*j - 260, 0 = w - 5*j - 65. Suppose 3*v + 5*m - 269 = 0, m + w = v - 30. Is v a multiple of 31?
True
Let w(y) = -y**3 + y**2 + 5*y - 7. Is w(-5) a multiple of 30?
False
Let x be (2 + -1 - (-5 - -3)) + -223. Does 17 divide (x/6 - 0)*(-3)/2?
False
Let k = 1373 - 1042. Does 18 divide k?
False
Suppose 1 = 3*h - 14. Suppose -h*x + x = 0. Does 24 divide (-1 - (x + 1))*-36?
True
Suppose 252*r - 4400 = 248*r. Does 20 divide r?
True
Let a be (-23)/(-4) + 12/48. Let h be (-18)/7*(-28)/a. Is 6 a factor of 9/(-4*h/(-64))?
True
Let o = 1220 - 680. Is o a multiple of 12?
True
Let a be ((-78)/8)/(3/(-72)*1). Suppose 2*y = 2*t - 4*t + a, 0 = -y. Is t a multiple of 10?
False
Is 88 a factor of (-6)/14 - (-4 + (-47898)/42)?
True
Let y = -18 - -20. Suppose t = y*t - 678. Does 23 divide (-2)/(-3) - t/(-9)?
False
Let z = 726 + -458. Is 14 a factor of z?
False
Let p(u) = -u**2 - 6*u - 4. Let o be p(-4). Suppose -i + 38 = -3*r - 3, -o*r + 149 = 3*i. Suppose 0 = q - i - 21. Is q a multiple of 20?
False
Let k(h) = -h**2 - h + 10. Suppose 3 = -o - 0. Let v be o - 1 - (-16 - -12). Is 10 a factor of k(v)?
True
Let b(j) be the third derivative of j**7/315 + j**6/240 - j**5/60 - j**4/24 - 3*j**2. Let p(r) be the second derivative of b(r). Is p(2) a multiple of 12?
True
Let i be (-1)/(-5) + 245/25. Is 18 a factor of 16/i*(-1215)/(-18)?
True
Let y(h) = h**2 - 13*h + 14. Let j be y(12). Suppose 49 = j*a - 133. Is a a multiple of 13?
True
Let o(f) = -4*f**2 + f**2 - 1055*f + 2*f**2 + 1036*f + 8. Is 5 a factor of o(-19)?
False
Let b(x) = -29*x - 40. Let y be b(7). Let n = -127 - y. Is 29 a factor of n?
True
Suppose -64*w + 66*w + 4*p - 480 = 0, 0 = w - 3*p - 225. Is 78 a factor of w?
True
Let g = -21 + 31. Suppose g*o = 8*o + 10. Suppose 0 = 5*t - 2*f + f - 163, -4*t + 113 = o*f. Is t a multiple of 5?
False
Suppose -u + 3*w = w + 11, 4*u - 4*w = -44. Let n = -12 - u. Let f = n + 13. Is f a multiple of 4?
True
Let f(z) = -2*z**2 - 88*z + 58. Does 50 divide f(-17)?
False
Let o be 1*(1 - 3) + 1. Is (-4 - (o - 3)) + 18 a multiple of 4?
False
Let w(i) = i**3 - 2*i**2 - 2*i. Let f be (-14)/(-5) - (-6)/30. Let g be w(f). Is 6 a factor of 2/g*(29 - -7)?
True
Let n = -1154 + 2275. Does 19 divide n?
True
Let f = -15 - -21. Suppose x - 4*x = p + 2, -3*p - f = -5*x. Does 10 divide (1 - p - 4) + 21?
True
Let b(y) = 3*y**3 - 3*y**2 + 5*y + 4. Does 24 divide b(4)?
True
Let z(a) be the second derivative of -a**4/12 + 13*a**3/3 - 21*a**2/2 - 17*a. Is z(15) a multiple of 13?
False
Let r be 0 + (-12)/4 + -1. Let w be 146*(6/3)/r. Let f = -39 - w. Does 13 divide f?
False
Suppose -6*p - 265 - 71 = 0. Let n = 82 + p. Is n a multiple of 21?
False
Is 937 - (6 + -22 + 8) a multiple of 27?
True
Is 15 a factor of 1 + 4 + 0 - -190?
True
Suppose 2*j + 12 = 26. Let i(u) = 21*u - 55. Is 10 a factor of i(j)?
False
Let o(t) = -t**3 + 13*t**2 - 17*t - 1. Let k be o(11). Let p = 60 + k. Is 15 a factor of p?
False
Let a(s) = s**2 + 10*s - 9. Let k be a(-11). Suppose -6 - 4 = 5*u - 2*q, -2*u = -k*q + 4. Let r(v) = 5*v**2 + 4*v + 2. Is 8 a factor of r(u)?
False
Let i(g) = 10*g**3 + g**2 + 2*g + 1. Let r be i(-1). Let d be ((-2)/6 - 0)/(8/72). Is 6 a factor of (-24)/(r/(-15)*d)?
True
Let r(t) = 23*t - 91. Does 5 divide r(62)?
True
Let a(u) = -u**3 + 4*u - 3. Let w be a(2). Let m be 0 - ((-3 - w) + 1). Does 2 divide (2 + m)/(14/70)?
False
Suppose 39*b = 61*b - 77946. Is 14 a factor of b?
False
Let c = 437 - -194. Does 17 divide c?
False
Let g be 1460/44 - 3/(66/4). Let s = 66 - g. Does 11 divide s?
True
Suppose -4620 = 7*r - 11*r - 4*b, 3*r - 3*b - 3447 = 0. Is 12 a factor of r?
True
Let q = 274 + -218. Is 7 a factor of q?
True
Suppose 43 = 13*n - 74. Suppose 0 = -12*r + n*r + 108. Is r a multiple of 13?
False
Let a(g) = -32*g - 40. Suppose 4 = -2*d - 6. Let i(t) = 13*t + 16. Let f(y) = d*a(y) - 12*i(y). Is 16 a factor of f(14)?
True
Suppose -2718 = -7*o + 2833. Is o a multiple of 72?
False
Let q(d) = -2*d**3 + 4*d**2 - 3*d + 2. Let m be q(2). Let g(k) = -2*k + 7. Let x be g(-3). Let h = x + m. Is 4 a factor of h?
False
Let f = -18 + 57. Let a = f - 15. Let m = a + -4. Does 13 divide m?
False
Let n be 16/7 - 14/49. Let t be n + (2 - (-8)/(-4)). Suppose -t*p = 5*l - 70, 0*l = 3*p - 4*l - 82. Is 15 a factor of p?
True
Let k(g) be the third derivative of 11*g**6/120 - g**5/60 - 2*g**3/3 - 1